 be (-776)/(-12)*(2 - -1). Let g = 370 - v. What are the prime factors of g?
2, 11
Suppose 0 = 3*o - 4*o - 4, -4*p + 5*o = 240. Let h = 4994 - 9050. What are the prime factors of 2/(-5) + h/p?
2, 31
Suppose 4*l - 89 = 3. Let w be (14/1)/(7 + -6). Let p = l - w. List the prime factors of p.
3
Let d = -36 - -41. Suppose -5*w + w = -4. Suppose -d = -h + w. What are the prime factors of h?
2, 3
Let c be (-164)/(-52) - (-4)/26*-1. Suppose q = 5*v - 4*v + 84, 0 = -c*q + 2*v + 252. What are the prime factors of q?
2, 3, 7
Let j = 39 - 42. Let f = 28 + j. What are the prime factors of f?
5
Let v(m) be the second derivative of -9*m**5/20 + m**4/12 - m**2/2 + 10*m. Let x be v(-2). What are the prime factors of ((-56)/(-12))/(10/x)?
5, 7
Let t(p) = 30*p**3 + 3*p**2 - 2*p + 3. Let r be t(2). Let a = r + -148. What are the prime factors of a?
103
Let i = 24 + -31. What are the prime factors of ((-1)/(-2))/(i/(-140))?
2, 5
Suppose 62*b + 80 = 64*b. What are the prime factors of ((-768)/b)/(3/(-10))?
2
Suppose -6 = -4*o + 26. Suppose -12*d + 132 = -o*d. List the prime factors of d.
3, 11
Let f(p) = p**3 - 25*p**2 + 53*p - 4. List the prime factors of f(26).
2, 5, 41
Suppose -3*y = -2*y - 125. Suppose 0 = 126*s - y*s - 92. List the prime factors of s.
2, 23
Suppose -10 = 4*j - 5*j. Suppose 2*v + 15 = h, -2*v - 40 + j = -4*h. Suppose k - 41 = -q, k - h - 46 = 4*q. What are the prime factors of k?
43
List the prime factors of 2*((-645)/(-10) - -4).
137
Let u = -36 + 37. List the prime factors of (-3 + 56)*u - 3.
2, 5
Let m(w) be the first derivative of 4*w - 4 - 14/3*w**3 - 1/4*w**4 + 6*w**2. What are the prime factors of m(-15)?
7
Let q(k) = k**3 + 8*k**2 - 5*k - 27. List the prime factors of q(-8).
13
Let l = -17 - -15. List the prime factors of ((-615)/(-5))/((-3)/l).
2, 41
Suppose 227*r + 5520 = 231*r. Suppose -4*l = l + 5*j - r, -j = -2. What are the prime factors of l?
2, 137
Let v = -645 - -1378. What are the prime factors of v?
733
Suppose -4*u = u - 10. Suppose 4*w + 34 = -u*n + 8, 0 = -2*n - 2*w - 36. Let x = n + 34. List the prime factors of x.
11
Let s(k) = k**3 - 7*k**2 + 7*k - 3. Suppose 3*b = 8*b + 50. Let j(q) = q + 16. Let m be j(b). List the prime factors of s(m).
3
Let u = 20 - 33. Let k = 6 + 10. Let f = k + u. What are the prime factors of f?
3
Let o be (-3 + -198)*1/3. Let l(v) = v**3 - 9*v**2 - 4*v - 8. Let x be l(9). Let b = x - o. What are the prime factors of b?
23
Let a(q) = 20*q**2. Let y(k) = -k + 6. Suppose 3*f = -5*p + 15, -4*f = -0*f + 5*p - 20. Let m be y(f). List the prime factors of a(m).
2, 5
Let q be 4/10 - (-13)/5. Suppose -3*h + 3 = q*m - 18, 0 = -4*m - 2*h + 38. What are the prime factors of (m - 1)/(0 + 1)?
11
Let q = 5 + 10. List the prime factors of (-128)/6*q/20*-2.
2
Let l(i) = i**3 + 4*i**2 + i + 894. List the prime factors of l(0).
2, 3, 149
Suppose 5*p + 36 = -39. Let x = p - -21. Let j = 25 + x. What are the prime factors of j?
31
Suppose -w + 4*v + 3735 = 0, -9*w + 4*v = -7*w - 7474. What are the prime factors of w?
3739
Let m(w) = -8*w**3 - 4*w**2 + 4*w + 10. List the prime factors of m(-4).
2, 13, 17
Suppose 0 = 2*g + 5*f - 25, -2*g + 0*f - 4*f = -20. Suppose g - 38 = -s. List the prime factors of s.
2, 19
Suppose -5 = 3*a - 14. Let v(d) = 9*d + 1. Let t be v(a). Suppose -t = -5*c + 3*y + y, -c = -4*y + 4. List the prime factors of c.
2
Let j(d) = -d - 24. Let k(c) = -c - 23. Let l(q) = 2*j(q) - 3*k(q). Let u be l(-19). What are the prime factors of u/(3 - 35/15)?
3
Let a(w) = 2*w**2 - 16*w - 8. Let i be a(8). What are the prime factors of (-1278)/(-9) + i/(-2)?
2, 73
Let t(u) be the third derivative of -13*u**2 + 0*u + 1/4*u**4 + 1/60*u**5 + 0 + 5/6*u**3. List the prime factors of t(-10).
3, 5
Suppose -3*q + 5*q = 2780. List the prime factors of q.
2, 5, 139
Let l(d) = d**3 + 8*d**2 + 5*d - 9. Let z be l(-7). Suppose 0 = 3*j + j + z*v - 36, -4*v = -2*j + 44. List the prime factors of (j/12)/(6/36).
7
List the prime factors of ((-8455)/(-10) - -3)/(2/4).
1697
Suppose o = -4*j + 297 + 732, 5*o - 1275 = -5*j. What are the prime factors of j?
2, 3, 43
Suppose -33 - 394 = -2*f - r, -5*r - 397 = -2*f. Let q = f + -127. What are the prime factors of q?
2, 3, 7
Suppose -3*b + 14 = -k + 122, k = 0. What are the prime factors of (5/2)/((-2)/b)?
3, 5
Let f = 43 - -390. Suppose 0 = -2*o - 4*b - 1188, -2*o - 3*b = 752 + f. What are the prime factors of 6/33 - o/33?
2, 3
Let t be (-1)/4 + (-72)/(-32). Suppose -92 = -t*v + 5*i, -v + i + 5 = -35. What are the prime factors of v?
2, 3
Suppose -163*u = -160*u - 1143. Let h = -239 + u. List the prime factors of h.
2, 71
Suppose 11*h + h - 7044 = 0. What are the prime factors of h?
587
Let m be (-2)/4 + (-36)/24. Let w be m*3/((-9)/12). Suppose 3*z = w + 1. What are the prime factors of z?
3
Let m = -11 + 10. Let l be (-1)/(m/24*-4). List the prime factors of (63/l)/(3/(-8)).
2, 7
Suppose -9*f + 55269 = 14*f. List the prime factors of f.
3, 89
Let g(b) = 9*b**3 - 6*b**2 + 14*b - 12. List the prime factors of g(3).
3, 73
Let n(q) = 3*q + 5. Let r be n(2). Suppose -5 - r = -4*s. List the prime factors of s.
2
Suppose -d - 4*k - 14 = 0, 6 = -2*k - 0*k. Let m(x) = 3*x**3 + 4*x**2 - 4. Let y be m(d). List the prime factors of -4 + (1 + -5)*y.
2, 11
Let m = 5 + 2. Suppose f + 5*r - 10 = 0, 2*r = -f - 0*f + m. Suppose 5*n = -3*q + f, 0 = 3*n + 11 + 4. What are the prime factors of q?
2, 5
Let p = 11 - 45. Let m = p + 116. Suppose 4*c + m - 238 = 0. List the prime factors of c.
3, 13
Let v = 1847 - 680. What are the prime factors of v?
3, 389
Suppose 0 = -92*j + 84*j + 11472. What are the prime factors of j?
2, 3, 239
Let p(a) = a + 5. Let x be p(7). Suppose n - x = -0*n. Suppose -10*r + n = -6*r. What are the prime factors of r?
3
Let s(g) = -19 + 4*g - 18 + g**2 + 51. List the prime factors of s(-9).
59
Suppose -4*n + 2731 = -5*g, 2*g = -2*n - 167 + 1519. List the prime factors of n.
7, 97
What are the prime factors of (-14)/(-6) - 39536/(-12)?
3, 7, 157
Let n be (-204)/4 - 4/1. What are the prime factors of ((-12)/15)/(1/n)?
2, 11
Let x(w) = 16*w**2 - 21*w + 93. List the prime factors of x(8).
13, 73
Let q = -16 - -517. List the prime factors of q.
3, 167
Let s(z) = -244*z**3 - 11 + 6*z + 245*z**3 - 7*z**2 + 8*z. List the prime factors of s(7).
3, 29
Let g(h) = 2*h - 17. Let a be g(11). Suppose 186 = n - 5*x, 0 = -2*x + a*x + 12. List the prime factors of n.
2, 83
Let k = 399 - 53. List the prime factors of k.
2, 173
List the prime factors of 2257 + (-1 - 8 - -3).
2251
Let p(k) = -10*k + 0 - 4*k - 1. Let j(q) = 4*q - 8. Let h be j(1). List the prime factors of p(h).
5, 11
Let v = 821 + -393. List the prime factors of v.
2, 107
Let i(l) = -l**2 + 29*l + 89. List the prime factors of i(30).
59
Suppose -5*q - 5*l + 8*l = -3735, -4*q + 3*l = -2985. What are the prime factors of q?
2, 3, 5
Let c be (-2090)/(-6) + (-6)/(-9). Suppose c - 109 = 4*h. Let q = 96 - h. List the prime factors of q.
2, 3
Let r(a) = 19*a**3 - 4*a**2 - 5*a - 2. Let f(t) = -t**3 + t**2 + 1. Let m(b) = 5*f(b) + r(b). List the prime factors of m(2).
109
Let c(d) = -44*d - 31. List the prime factors of c(-3).
101
Suppose -1142 - 814 = -6*w. List the prime factors of w.
2, 163
Suppose -r + 5*r - 12 = 0. Suppose 0 = -0*m + r*m - 450. What are the prime factors of m?
2, 3, 5
Let p(y) be the first derivative of -y**4/2 - 2*y**3 - 7*y**2/2 - 9*y - 13. What are the prime factors of p(-4)?
3, 17
Let y = -83 - -85. What are the prime factors of (10*y/(-4) - -3) + 40?
2, 19
Let q = 19 + -31. Let j = q - -199. List the prime factors of j.
11, 17
Let g(b) = 28*b**3 - b**2 + 1. Let y be 3/3*-2 + 7. Suppose -y = -v - 4*v. List the prime factors of g(v).
2, 7
List the prime factors of 96/5*(-20)/(-3) + 3.
131
Let k(i) = i**3 - 8*i + 2. Let m be k(3). Suppose m*z + 115 = -60. List the prime factors of (-10)/z + 544/7.
2, 3, 13
Let z = -7 + 1359. List the prime factors of z.
2, 13
Suppose 2*z - 329 - 1175 = 0. Suppose -10*q + z = -2*q. What are the prime factors of q?
2, 47
Suppose 682 = -k + 6793. What are the prime factors of k?
3, 7, 97
List the prime factors of (-1 - -298) + 2/((-4)/10).
2, 73
Let x(i) = 80*i. Let w be x(2). Let d = -154 - -59. Let y = d + w. List the prime factors of y.
5, 13
List the prime factors of ((-5140